505, -w + 3 = z. Is a composite?
False
Suppose 5*q - 35 - 42 = -o, -3*q + 2*o = -41. Let a = -15 - -18. Suppose -q = 5*j - 0*j, -a*d - 3*j + 129 = 0. Is d a prime number?
False
Let p(n) = 20*n + 84. Let m be p(-4). Let t = 40 + -20. Suppose f = -m*s + t, -2*s + f + f + 20 = 0. Is s a prime number?
False
Suppose -2*o - 1 = -4*j + 13, 17 = 4*j - 3*o. Suppose 6*h - 26 = -j. Suppose -h*x + 53 = -3*x. Is x composite?
False
Let n(z) = 21*z**2 + 12*z + 2. Is n(5) a composite number?
False
Suppose 0 = -c - 3*c - 5*d + 15847, 5*d = c - 3968. Is c prime?
False
Let l be 1 + -3 - -1 - (9 + -2251). Suppose -2*v = f - l, v - 2*f - 551 = 572. Is v a prime number?
False
Let j(q) = -2*q - 8. Let y(f) = f**3 - 8*f**2 - 2*f + 6. Let x be y(8). Let a be j(x). Suppose 4*l - 2*k = 332, 0*k + 3*k - a = 0. Is l composite?
True
Let f = -3342 + 9949. Is f a prime number?
True
Suppose 2211 = -s + 12*s. Is s composite?
True
Let o(h) = -58*h**3 - 12*h**2 - 41*h - 27. Is o(-8) a composite number?
True
Suppose 4*d + 4*x = 0, 4*d - 2*x - 21 = x. Suppose -d*u - 3*f - 11 + 131 = 0, -3*u - f = -114. Is u a composite number?
False
Let o = -12 - -12. Let v = 0 + o. Suppose -2*r - 6 + 10 = v. Is r composite?
False
Let r be ((-52)/(-20) + -2)/(1/5). Let t(n) = 196*n**2 - 3*n + 2. Is t(r) a prime number?
False
Suppose -3068*c = -3073*c + 33665. Is c a prime number?
True
Let i(m) be the third derivative of -m**2 + 7/60*m**5 + 0*m + 2/3*m**3 + 0 + 1/4*m**4. Is i(-5) composite?
False
Let k = -372 - -895. Is k prime?
True
Suppose 5*h = r + 3*r + 4637, 5*h - 2*r - 4631 = 0. Suppose 0 = -4*f + h - 49. Let k = 322 - f. Is k prime?
True
Suppose -77*j + 11088 = -75*j. Suppose -3*g + j - 1191 = 0. Is g prime?
True
Let v(l) = 1549*l + 2. Let f be v(2). Suppose 4*u = -4*o - f - 1332, -2*o + u = 2228. Is o/(-14) + 21/(-49) a prime number?
True
Let p = -59 + 68. Suppose 0 = p*d - 3*d - 11046. Is d a prime number?
False
Is 3602/4*(8 - -3 - 1) composite?
True
Let b(q) = -5*q**2 + 9*q + 15. Let g be b(-7). Let o = g + 592. Is o composite?
True
Suppose 0 = j - 2, 3*n + 4*j = 17. Suppose -2*y - 205 = -3*s - 977, 0 = -n*y + 5*s + 1157. Is y a composite number?
False
Suppose 12882 = 3*i + 3*y, 0 = 3*i + 31*y - 36*y - 12922. Is i a composite number?
True
Let g be ((-1)/(-3))/((-7)/(-21)). Is 3/g - -2929 - -1*1 prime?
False
Suppose 2*v + 2*v - 24 = 0. Is (-6)/9*(-10467)/v prime?
True
Let u(k) = k**2 - 1. Let m(c) = -14*c**2 + 2*c - 4. Let t(q) = -m(q) - u(q). Let n = 1 - 5. Is t(n) a composite number?
True
Suppose -14*a + 11*a = 9. Let b = a - -5. Suppose -b*g = -191 - 35. Is g composite?
False
Suppose 293*x + 317826 = 311*x. Is x a composite number?
False
Let r = -4 + 7. Suppose -5*j + 3*m + 2 = -13, 4*m + 20 = r*j. Suppose -21 = -j*i - i. Is i prime?
False
Let g(y) = -y**2 - 5*y + 10. Let u be g(6). Let t = u - -183. Is t composite?
False
Suppose -x - 51 = -5*x - 5*k, 2*x - 5*k = 33. Is 3/(-7) - (-44876)/x a composite number?
True
Let z = -4 - -9. Suppose z*f - 488 = -a, 0 = -0*a - 4*a - 2*f + 1988. Suppose -3*v = -39 - a. Is v a composite number?
False
Suppose 0 = x - 9 - 2. Suppose -x*d = -1977 - 29186. Is d a composite number?
False
Suppose 0*f = 2*f - 538. Let k = f + 50. Is k a composite number?
True
Let m = -573 + 752. Is m a prime number?
True
Suppose -w + 7 = 2*f, 19 = 2*f - 0*w + 5*w. Suppose 2*k + 3*g = -2*k + 57, -2*k + 30 = f*g. Suppose 0 = -10*z + k*z - 382. Is z prime?
True
Suppose 0*l = -l - 179. Let c = 502 + l. Is c a composite number?
True
Let g = 5 + -3. Is (254/8)/(g/8) prime?
True
Let f(d) = -1 - 10 - 6*d + 3*d**2 - 11*d + 0*d. Is f(9) a composite number?
False
Suppose 7 + 9 = 4*g. Is 2937 - (-6 + (g - 0)) a composite number?
False
Suppose 0 = -3*v + 8*v - 3970. Suppose -2*a + 0*a = -v. Is a composite?
False
Suppose 7*j - 6*j = 22*j. Let d be ((-20)/(-6))/((-4)/(-2082)). Suppose 3*f = -j*l - l + 347, 2*f = 5*l - d. Is l a prime number?
True
Let n be ((-4)/(-5))/(4/10). Suppose 9*w + 6*w = 60. Suppose -4*t - n*p + 1298 = 0, -3*t - 3*p = -w*t + 314. Is t prime?
False
Let s(w) = -w**3 + 12*w**2 - 3*w - 8. Let l be s(-6). Suppose 0*z - 5*z = -5*m + 3350, m + 3*z = l. Is m a composite number?
True
Suppose s - 13 = 2*a, -2*s + 23 = s - 2*a. Suppose -22 = -s*u - 4*q, 5*u - 1 = 3*q - 0. Is (u - 5)/(6/(-526)) composite?
False
Let k be (12/(-8))/((-3)/6). Suppose -5*b - 4*h + 76 = -k*h, 0 = 5*b + 5*h - 60. Suppose -21 = -j + b. Is j prime?
True
Suppose 0 = -3*l + 7*l + 2148. Let k = l + 931. Is k a prime number?
False
Let t = 65 + -60. Suppose 3*c - 447 = x + x, -t*x = 0. Is c composite?
False
Let h(f) = -f**3 - 8*f**2 - 20*f - 15. Let r be h(-12). Let o = -424 + r. Is o composite?
True
Suppose -v = 2*v - 90. Let d = v - -15. Let t = 304 - d. Is t composite?
True
Suppose -4*s = -0*s - o - 85, 3*o - 75 = -3*s. Let h = -17 + s. Suppose -h*z = 5*j - 830, -2*z - 2*z = -5*j - 691. Is z a prime number?
False
Let z(p) = p**3 - 5*p**2 - 2*p - 9. Let x be z(6). Let f be 1*(x + -2 - 1). Is (f + -9)/((-6)/(-28)) composite?
True
Suppose -2*c + 9071 = -c - w, 4*c - 2*w - 36280 = 0. Is c prime?
False
Suppose 31 = 5*k - x, 2*x = 8 - 0. Let p(m) = 3*m**2 - 7*m - 9. Is p(k) prime?
True
Let u be 7/(-14) - 30/(-4). Let z(m) = 9*m**2 - 6*m + 10. Is z(u) a composite number?
False
Let g(f) = 28*f**2 - 16*f - 27. Is g(8) a composite number?
False
Suppose 0 = 32*d - 31*d - 556. Is (-136)/(-12)*(d/8 + 1) a prime number?
False
Let x = 529 + 452. Suppose 4*h = 1543 + x. Is h a prime number?
True
Is 3/9*(3 + (-25974)/(-3)) a prime number?
True
Let v be (12/9)/(2/2430). Suppose v = 2*i + 3*i + 2*a, i = a + 324. Let b = i + -121. Is b a composite number?
True
Suppose 4*q - 55 - 9 = 0. Suppose 4*t = -2*n + q, 3*t - t = -2*n + 16. Suppose 0 = n*h - 9*h + 326. Is h a composite number?
True
Let r = 69575 + -48172. Is r a composite number?
True
Let q(d) = d + 19*d**2 - 9*d**3 - d**2 - 10 + 9*d**2 - 7*d. Let r(i) = 5*i**3 - 14*i**2 + 3*i + 5. Let x(a) = 6*q(a) + 11*r(a). Is x(-8) composite?
False
Let u(y) = 10*y**2 - 33*y - 130. Is u(11) prime?
False
Let k(f) = 170*f + 2. Let x be k(2). Let q be -6 + 3 + -1 - (-12)/3. Suppose 0 = 3*a + 15, q = l - 0*a - a - x. Is l a composite number?
False
Let j = 21 + -58. Let f = 80 + j. Is f a composite number?
False
Let q be (-1)/(-2 - (-33)/15). Is (-2)/(-4*q/(-13190)) prime?
True
Is -2*((-420903)/14 + 6 - 5) a prime number?
True
Suppose 2*f - 4*p = -1476, 3*f - f + 2*p = -1488. Let s = f + 1299. Is s a composite number?
False
Let h(l) = 82*l + 181. Is h(28) composite?
False
Suppose 6*m - 6989 = 58429. Is m composite?
False
Suppose 32*g - 34*g + 22718 = 0. Is g a prime number?
False
Let p = 3 - 4. Let n(w) = 306*w**2 - 2*w - 1. Is n(p) composite?
False
Suppose -17*q + 23*q = 9*q. Suppose -2*d + 7420 = 3*d. Suppose q = -4*r - 0*r + d. Is r a composite number?
True
Suppose -16*x + 19*x - 843 = 0. Suppose -305 = -2*n + x. Is n prime?
True
Suppose -z + 18926 = z + r, -2*r = -8. Is z a composite number?
False
Suppose 255 + 243 = 2*h + 2*w, -h + 2*w = -261. Suppose -h = -4*f - 2*i + 89, 3*f - 253 = 2*i. Let p = f + 78. Is p prime?
True
Is (-1920642)/(-66) - (1 + (-60)/44) composite?
False
Let d(x) be the second derivative of 111*x**5/20 - x**4/12 + x**3/6 + 2*x**2 + 28*x. Is d(3) composite?
True
Suppose 0 = -2*y + 8*y - 30. Suppose -2*b = b - 6, y*b = -t + 1779. Is t a prime number?
False
Suppose 3*p + t = 2, -5*p + 5 = -3*t + 25. Let i = 0 + p. Let n = i - -32. Is n prime?
True
Suppose -25*w = -27*w + 4. Is (719/w)/(1/(0 - -2)) prime?
True
Suppose 4*r - 4*v = -324, 2*r + 0*v = 4*v - 168. Suppose 2*c = 409 - 87. Let p = c + r. Is p a prime number?
True
Let r(l) = -l**3 + 7*l**2 - 38*l - 53. Is r(-23) a prime number?
True
Let n be 0 - ((-8)/(-2))/(-2). Let m be (-14)/n*6144/(-14). Is 14/(-70) - m/(-10) a prime number?
True
Let r = 20 - 18. Suppose -r*a = -5*d + d - 50, 2*d + 124 = 4*a. Is a a prime number?
False
Let b(i) = -10*i**3 - i**2 + i + 2. Let m be b(-1). Suppose 12 = -3*g, -n + m*g + 81 = 5*g. Suppose -d = 3*l - 2*l - n, -3*d + 2*l = -173. Is d a prime number?
True
Let i = -11998 - -21309. Is i a prime number?
True
Suppose -2*k + 7 - 3 = 0. Suppose k*t + 77 = 341. Let g = -49 + t. Is g a composite number?
False
Let d(f) = -f**3 - 27*f**2 - 2*f - 52. Let i be d(-27). Suppose i*x - 1